{"id":20,"date":"2020-04-18T06:15:53","date_gmt":"2020-04-18T06:15:53","guid":{"rendered":"https:\/\/goc2020.govmu.org\/fasil\/?page_id=20"},"modified":"2020-05-13T12:25:21","modified_gmt":"2020-05-13T12:25:21","slug":"about","status":"publish","type":"page","link":"https:\/\/fasil.govmu.org\/fasil\/?page_id=20","title":{"rendered":"About"},"content":{"rendered":"<p>[et_pb_section fb_built=&#8221;1&#8243; fullwidth=&#8221;on&#8221; _builder_version=&#8221;4.4.4&#8243; da_disable_devices=&#8221;off|off|off&#8221; da_is_popup=&#8221;off&#8221; da_exit_intent=&#8221;off&#8221; da_has_close=&#8221;on&#8221; da_alt_close=&#8221;off&#8221; da_dark_close=&#8221;off&#8221; da_not_modal=&#8221;on&#8221; da_is_singular=&#8221;off&#8221; da_with_loader=&#8221;off&#8221; da_has_shadow=&#8221;on&#8221;][et_pb_fullwidth_image src=&#8221;https:\/\/fasil.govmu.org\/fasil\/wp-content\/uploads\/Banner_About-01.png&#8221; title_text=&#8221;\u00c0 propos&#8221; _builder_version=&#8221;4.4.5&#8243; hover_enabled=&#8221;0&#8243; alt=&#8221;\u00c0 propos&#8221;][\/et_pb_fullwidth_image][\/et_pb_section][et_pb_section fb_built=&#8221;1&#8243; _builder_version=&#8221;4.4.4&#8243; custom_padding=&#8221;40px||40px||false|false&#8221; da_disable_devices=&#8221;off|off|off&#8221; da_is_popup=&#8221;off&#8221; da_exit_intent=&#8221;off&#8221; da_has_close=&#8221;on&#8221; da_alt_close=&#8221;off&#8221; da_dark_close=&#8221;off&#8221; da_not_modal=&#8221;on&#8221; da_is_singular=&#8221;off&#8221; da_with_loader=&#8221;off&#8221; da_has_shadow=&#8221;on&#8221;][et_pb_row _builder_version=&#8221;4.4.4&#8243; custom_margin=&#8221;||||false|false&#8221; custom_padding=&#8221;||0px||false|false&#8221;][et_pb_column type=&#8221;4_4&#8243; _builder_version=&#8221;4.4.4&#8243; custom_padding=&#8221;||||false|false&#8221;][et_pb_text _builder_version=&#8221;4.4.4&#8243; header_2_font=&#8221;Quicksand|600|||||||&#8221; header_2_text_align=&#8221;center&#8221; header_2_text_color=&#8221;#000000&#8243; header_2_font_size=&#8221;48px&#8221; header_2_line_height=&#8221;1.2em&#8221; header_2_font_size_tablet=&#8221;&#8221; header_2_font_size_phone=&#8221;30px&#8221; header_2_font_size_last_edited=&#8221;on|phone&#8221;]<\/p>\n<h2>Notre but<\/h2>\n<p>[\/et_pb_text][et_pb_text _builder_version=&#8221;4.4.4&#8243; text_font=&#8221;Quicksand||||||||&#8221; text_text_color=&#8221;#000000&#8243; text_font_size=&#8221;18px&#8221; header_2_font=&#8221;Quicksand|600|||||||&#8221; header_2_text_align=&#8221;center&#8221; header_2_text_color=&#8221;#f9386a&#8221; header_2_font_size=&#8221;48px&#8221; header_2_line_height=&#8221;1.2em&#8221; text_orientation=&#8221;center&#8221; header_2_font_size_tablet=&#8221;&#8221; header_2_font_size_phone=&#8221;30px&#8221; header_2_font_size_last_edited=&#8221;on|phone&#8221;]FASIL se donne pour but de cr\u00e9er un espace de convivialit\u00e9 et de bien-\u00eatre pour tous les citoyens de la R\u00e9publique de Maurice, s\u2019ouvrant vers la culture digitale.[\/et_pb_text][\/et_pb_column][\/et_pb_row][et_pb_row column_structure=&#8221;1_2,1_2&#8243; _builder_version=&#8221;4.4.3&#8243; max_width=&#8221;2560px&#8221; module_alignment=&#8221;center&#8221;][et_pb_column type=&#8221;1_2&#8243; _builder_version=&#8221;4.4.3&#8243;][et_pb_blurb title=&#8221;La vision de FASIL&#8221; image=&#8221;https:\/\/fasil.govmu.org\/fasil\/wp-content\/uploads\/vision.svg&#8221; _builder_version=&#8221;4.4.4&#8243; header_font=&#8221;|600|||||||&#8221; header_text_color=&#8221;#000000&#8243; header_font_size=&#8221;24px&#8221; body_text_color=&#8221;#000000&#8243; body_font_size=&#8221;18px&#8221; body_line_height=&#8221;1.9em&#8221;]Pour que la technologie soit \u00e0 la port\u00e9e de tous.[\/et_pb_blurb][\/et_pb_column][et_pb_column type=&#8221;1_2&#8243; _builder_version=&#8221;4.4.3&#8243;][et_pb_blurb title=&#8221;Les objectifs de FASIL&#8221; image=&#8221;https:\/\/fasil.govmu.org\/fasil\/wp-content\/uploads\/mission.svg&#8221; _builder_version=&#8221;4.4.4&#8243; header_font=&#8221;|600|||||||&#8221; header_text_color=&#8221;#000000&#8243; header_font_size=&#8221;24px&#8221; body_text_color=&#8221;#000000&#8243; body_font_size=&#8221;18px&#8221; body_ul_line_height=&#8221;1.8em&#8221;]<\/p>\n<ul>\n<li>D\u00e9velopper la connaissance du grand public (citoyens, entreprises, acteurs gouvernementaux etc.) concernant les dispositifs et les services en ligne et les applications mobiles.<\/li>\n<li>D\u00e9velopper l\u2019usage des services num\u00e9riques.<\/li>\n<li>Promouvoir la culture digitale au sein du public mauricien.<\/li>\n<li>Cr\u00e9er une relation de confiance avec les initiatives digitales en s\u2019engageant avec tous les acteurs concern\u00e9s \u00e0 travers divers canaux.<\/li>\n<li>Prendre en compte les retours et demandes des diff\u00e9rents acteurs pour am\u00e9liorer sans cesse les initiatives digitales.<\/li>\n<\/ul>\n<p>[\/et_pb_blurb][\/et_pb_column][\/et_pb_row][\/et_pb_section][et_pb_section fb_built=&#8221;1&#8243; _builder_version=&#8221;4.4.4&#8243; background_image=&#8221;https:\/\/fasil.govmu.org\/fasil\/wp-content\/uploads\/about-bg.png&#8221; custom_padding=&#8221;40px||40px||false|false&#8221; da_disable_devices=&#8221;off|off|off&#8221; da_is_popup=&#8221;off&#8221; da_exit_intent=&#8221;off&#8221; da_has_close=&#8221;on&#8221; da_alt_close=&#8221;off&#8221; da_dark_close=&#8221;off&#8221; da_not_modal=&#8221;on&#8221; da_is_singular=&#8221;off&#8221; da_with_loader=&#8221;off&#8221; da_has_shadow=&#8221;on&#8221;][et_pb_row _builder_version=&#8221;4.4.3&#8243; custom_padding=&#8221;||70px||false|false&#8221;][et_pb_column type=&#8221;4_4&#8243; _builder_version=&#8221;4.4.3&#8243;][et_pb_text _builder_version=&#8221;4.4.4&#8243; header_2_font=&#8221;Quicksand|600|||||||&#8221; header_2_text_align=&#8221;center&#8221; header_2_text_color=&#8221;#000000&#8243; header_2_font_size=&#8221;48px&#8221; header_2_line_height=&#8221;1.2em&#8221; header_2_font_size_tablet=&#8221;&#8221; header_2_font_size_phone=&#8221;30px&#8221; header_2_font_size_last_edited=&#8221;on|phone&#8221;]<\/p>\n<h2>Les actions \u00e0 venir<\/h2>\n<p>[\/et_pb_text][\/et_pb_column][\/et_pb_row][et_pb_row _builder_version=&#8221;4.4.3&#8243; module_alignment=&#8221;center&#8221;][et_pb_column type=&#8221;4_4&#8243; _builder_version=&#8221;4.4.3&#8243;][et_pb_blurb title=&#8221;Le principe \u201cOnce-Only\u201d&#8221; _builder_version=&#8221;4.4.4&#8243; header_font_size=&#8221;24px&#8221; header_line_height=&#8221;1.6em&#8221; body_text_color=&#8221;#000000&#8243; body_font_size=&#8221;18px&#8221;]Le gouvernement mettra en place le principe \u201cOnce-Only\u201d. Ainsi les divers services gouvernementaux ne r\u00e9clameront plus au public des informations (ex. : ID, preuve d\u2019adresse, certificat de naissance\/mariage\/d\u00e9c\u00e8s\u2026) si elles ont d\u00e9j\u00e0 \u00e9t\u00e9 enregistr\u00e9es aupr\u00e8s d\u2019un autre service. Ces donn\u00e9es seront enregistr\u00e9es une fois pour toutes et redistribu\u00e9es par InfoHighway, la plate-forme d\u2019\u00e9change de donn\u00e9es du Gouvernement.[\/et_pb_blurb][et_pb_blurb title=&#8221;Un syst\u00e8me national d\u2019authentification ou National Authentification Framework (NAF)&#8221; _builder_version=&#8221;4.4.4&#8243; header_font_size=&#8221;24px&#8221; header_line_height=&#8221;1.6em&#8221; body_text_color=&#8221;#000000&#8243; body_font_size=&#8221;18px&#8221;]Un syst\u00e8me national d\u2019authentification (NAF) sera mis en place pour cr\u00e9er un \u00e9cosyst\u00e8me fiable dans lequel chaque membre du public pourra faire, de mani\u00e8re s\u00e9curis\u00e9e, ses transactions avec les services gouvernementaux gr\u00e2ce \u00e0 une fen\u00eatre unique d\u2019authentification.[\/et_pb_blurb][et_pb_blurb title=&#8221;Un syst\u00e8me de r\u00e9gulation de l\u2019attente (Queue Management System)&#8221; _builder_version=&#8221;4.4.4&#8243; header_font_size=&#8221;24px&#8221; header_line_height=&#8221;1.6em&#8221; body_text_color=&#8221;#000000&#8243; body_font_size=&#8221;18px&#8221;]Un syst\u00e8me de r\u00e9gulation de l\u2019attente va \u00eatre mis en place pour les services subissant habituellement de longues files d\u2019attente. Gr\u00e2ce \u00e0 une application mobile, le public pourra voir en temps r\u00e9el, sur les compteurs, le nombre de personnes restant \u00e0 servir, et venir au moment le plus favorable.[\/et_pb_blurb][\/et_pb_column][\/et_pb_row][\/et_pb_section]<\/p>\n","protected":false},"excerpt":{"rendered":"<p>[et_pb_section fb_built=&#8221;1&#8243; fullwidth=&#8221;on&#8221; _builder_version=&#8221;4.4.4&#8243; da_disable_devices=&#8221;off|off|off&#8221; da_is_popup=&#8221;off&#8221; da_exit_intent=&#8221;off&#8221; da_has_close=&#8221;on&#8221; da_alt_close=&#8221;off&#8221; da_dark_close=&#8221;off&#8221; da_not_modal=&#8221;on&#8221; da_is_singular=&#8221;off&#8221; da_with_loader=&#8221;off&#8221; da_has_shadow=&#8221;on&#8221;][et_pb_fullwidth_image src=&#8221;https:\/\/fasil.govmu.org\/fasil\/wp-content\/uploads\/Banner_About-01.png&#8221; title_text=&#8221;\u00c0 propos&#8221; _builder_version=&#8221;4.4.5&#8243; hover_enabled=&#8221;0&#8243; alt=&#8221;\u00c0 propos&#8221;][\/et_pb_fullwidth_image][\/et_pb_section][et_pb_section fb_built=&#8221;1&#8243; _builder_version=&#8221;4.4.4&#8243; custom_padding=&#8221;40px||40px||false|false&#8221; da_disable_devices=&#8221;off|off|off&#8221; da_is_popup=&#8221;off&#8221; da_exit_intent=&#8221;off&#8221; da_has_close=&#8221;on&#8221; da_alt_close=&#8221;off&#8221; da_dark_close=&#8221;off&#8221; da_not_modal=&#8221;on&#8221; da_is_singular=&#8221;off&#8221; da_with_loader=&#8221;off&#8221; da_has_shadow=&#8221;on&#8221;][et_pb_row _builder_version=&#8221;4.4.4&#8243; custom_margin=&#8221;||||false|false&#8221; custom_padding=&#8221;||0px||false|false&#8221;][et_pb_column type=&#8221;4_4&#8243; _builder_version=&#8221;4.4.4&#8243; custom_padding=&#8221;||||false|false&#8221;][et_pb_text _builder_version=&#8221;4.4.4&#8243; header_2_font=&#8221;Quicksand|600|||||||&#8221; header_2_text_align=&#8221;center&#8221; header_2_text_color=&#8221;#000000&#8243; header_2_font_size=&#8221;48px&#8221; header_2_line_height=&#8221;1.2em&#8221; header_2_font_size_tablet=&#8221;&#8221; header_2_font_size_phone=&#8221;30px&#8221; header_2_font_size_last_edited=&#8221;on|phone&#8221;] Notre but [\/et_pb_text][et_pb_text _builder_version=&#8221;4.4.4&#8243; text_font=&#8221;Quicksand||||||||&#8221; text_text_color=&#8221;#000000&#8243; [&hellip;]<\/p>\n","protected":false},"author":1,"featured_media":0,"parent":0,"menu_order":0,"comment_status":"closed","ping_status":"closed","template":"","meta":{"_et_pb_use_builder":"on","_et_pb_old_content":"","_et_gb_content_width":"","footnotes":""},"yoast_head":"<!-- This site is optimized with the Yoast SEO plugin v21.5 - https:\/\/yoast.com\/wordpress\/plugins\/seo\/ -->\r\n<title>About Fasil<\/title>\r\n<meta name=\"robots\" content=\"index, follow, max-snippet:-1, max-image-preview:large, max-video-preview:-1\" \/>\r\n<link rel=\"canonical\" href=\"https:\/\/fasil.govmu.org\/fasil\/?page_id=20\" \/>\r\n<meta property=\"og:locale\" content=\"en_US\" \/>\r\n<meta property=\"og:type\" content=\"article\" \/>\r\n<meta property=\"og:title\" content=\"About Fasil\" \/>\r\n<meta property=\"og:description\" content=\"[et_pb_section fb_built=&#8221;1&#8243; fullwidth=&#8221;on&#8221; _builder_version=&#8221;4.4.4&#8243; da_disable_devices=&#8221;off|off|off&#8221; da_is_popup=&#8221;off&#8221; da_exit_intent=&#8221;off&#8221; da_has_close=&#8221;on&#8221; da_alt_close=&#8221;off&#8221; da_dark_close=&#8221;off&#8221; da_not_modal=&#8221;on&#8221; da_is_singular=&#8221;off&#8221; da_with_loader=&#8221;off&#8221; da_has_shadow=&#8221;on&#8221;][et_pb_fullwidth_image src=&#8221;https:\/\/fasil.govmu.org\/fasil\/wp-content\/uploads\/Banner_About-01.png&#8221; title_text=&#8221;\u00c0 propos&#8221; _builder_version=&#8221;4.4.5&#8243; hover_enabled=&#8221;0&#8243; alt=&#8221;\u00c0 propos&#8221;][\/et_pb_fullwidth_image][\/et_pb_section][et_pb_section fb_built=&#8221;1&#8243; _builder_version=&#8221;4.4.4&#8243; custom_padding=&#8221;40px||40px||false|false&#8221; da_disable_devices=&#8221;off|off|off&#8221; da_is_popup=&#8221;off&#8221; da_exit_intent=&#8221;off&#8221; da_has_close=&#8221;on&#8221; da_alt_close=&#8221;off&#8221; da_dark_close=&#8221;off&#8221; da_not_modal=&#8221;on&#8221; da_is_singular=&#8221;off&#8221; da_with_loader=&#8221;off&#8221; da_has_shadow=&#8221;on&#8221;][et_pb_row _builder_version=&#8221;4.4.4&#8243; custom_margin=&#8221;||||false|false&#8221; custom_padding=&#8221;||0px||false|false&#8221;][et_pb_column type=&#8221;4_4&#8243; _builder_version=&#8221;4.4.4&#8243; custom_padding=&#8221;||||false|false&#8221;][et_pb_text _builder_version=&#8221;4.4.4&#8243; header_2_font=&#8221;Quicksand|600|||||||&#8221; header_2_text_align=&#8221;center&#8221; header_2_text_color=&#8221;#000000&#8243; header_2_font_size=&#8221;48px&#8221; header_2_line_height=&#8221;1.2em&#8221; header_2_font_size_tablet=&#8221;&#8221; header_2_font_size_phone=&#8221;30px&#8221; header_2_font_size_last_edited=&#8221;on|phone&#8221;] Notre but [\/et_pb_text][et_pb_text _builder_version=&#8221;4.4.4&#8243; text_font=&#8221;Quicksand||||||||&#8221; text_text_color=&#8221;#000000&#8243; [&hellip;]\" \/>\r\n<meta property=\"og:url\" content=\"https:\/\/fasil.govmu.org\/fasil\/?page_id=20\" \/>\r\n<meta property=\"og:site_name\" content=\"Fasil\" \/>\r\n<meta property=\"article:modified_time\" content=\"2020-05-13T12:25:21+00:00\" \/>\r\n<meta name=\"twitter:card\" content=\"summary_large_image\" \/>\r\n<meta name=\"twitter:label1\" content=\"Est. reading time\" \/>\n\t<meta name=\"twitter:data1\" content=\"5 minutes\" \/>\r\n<script type=\"application\/ld+json\" class=\"yoast-schema-graph\">{\"@context\":\"https:\/\/schema.org\",\"@graph\":[{\"@type\":\"WebPage\",\"@id\":\"https:\/\/fasil.govmu.org\/fasil\/?page_id=20\",\"url\":\"https:\/\/fasil.govmu.org\/fasil\/?page_id=20\",\"name\":\"About Fasil\",\"isPartOf\":{\"@id\":\"https:\/\/fasil.govmu.org\/fasil\/#website\"},\"datePublished\":\"2020-04-18T06:15:53+00:00\",\"dateModified\":\"2020-05-13T12:25:21+00:00\",\"breadcrumb\":{\"@id\":\"https:\/\/fasil.govmu.org\/fasil\/?page_id=20#breadcrumb\"},\"inLanguage\":\"en-US\",\"potentialAction\":[{\"@type\":\"ReadAction\",\"target\":[\"https:\/\/fasil.govmu.org\/fasil\/?page_id=20\"]}]},{\"@type\":\"BreadcrumbList\",\"@id\":\"https:\/\/fasil.govmu.org\/fasil\/?page_id=20#breadcrumb\",\"itemListElement\":[{\"@type\":\"ListItem\",\"position\":1,\"name\":\"Home\",\"item\":\"https:\/\/fasil.govmu.org\/fasil\/\"},{\"@type\":\"ListItem\",\"position\":2,\"name\":\"About\"}]},{\"@type\":\"WebSite\",\"@id\":\"https:\/\/fasil.govmu.org\/fasil\/#website\",\"url\":\"https:\/\/fasil.govmu.org\/fasil\/\",\"name\":\"Fasil\",\"description\":\"Just another WordPress site\",\"publisher\":{\"@id\":\"https:\/\/fasil.govmu.org\/fasil\/#organization\"},\"potentialAction\":[{\"@type\":\"SearchAction\",\"target\":{\"@type\":\"EntryPoint\",\"urlTemplate\":\"https:\/\/fasil.govmu.org\/fasil\/?s={search_term_string}\"},\"query-input\":\"required name=search_term_string\"}],\"inLanguage\":\"en-US\"},{\"@type\":\"Organization\",\"@id\":\"https:\/\/fasil.govmu.org\/fasil\/#organization\",\"name\":\"Fasil\",\"url\":\"https:\/\/fasil.govmu.org\/fasil\/\",\"logo\":{\"@type\":\"ImageObject\",\"inLanguage\":\"en-US\",\"@id\":\"https:\/\/fasil.govmu.org\/fasil\/#\/schema\/logo\/image\/\",\"url\":\"https:\/\/ministry1.govmu.org\/fasil\/wp-content\/uploads\/fasil-logo.svg\",\"contentUrl\":\"https:\/\/ministry1.govmu.org\/fasil\/wp-content\/uploads\/fasil-logo.svg\",\"width\":135,\"height\":72,\"caption\":\"Fasil\"},\"image\":{\"@id\":\"https:\/\/fasil.govmu.org\/fasil\/#\/schema\/logo\/image\/\"}}]}<\/script>\r\n<!-- \/ Yoast SEO plugin. -->","yoast_head_json":{"title":"About Fasil","robots":{"index":"index","follow":"follow","max-snippet":"max-snippet:-1","max-image-preview":"max-image-preview:large","max-video-preview":"max-video-preview:-1"},"canonical":"https:\/\/fasil.govmu.org\/fasil\/?page_id=20","og_locale":"en_US","og_type":"article","og_title":"About Fasil","og_description":"[et_pb_section fb_built=&#8221;1&#8243; fullwidth=&#8221;on&#8221; _builder_version=&#8221;4.4.4&#8243; da_disable_devices=&#8221;off|off|off&#8221; da_is_popup=&#8221;off&#8221; da_exit_intent=&#8221;off&#8221; da_has_close=&#8221;on&#8221; da_alt_close=&#8221;off&#8221; da_dark_close=&#8221;off&#8221; da_not_modal=&#8221;on&#8221; da_is_singular=&#8221;off&#8221; da_with_loader=&#8221;off&#8221; da_has_shadow=&#8221;on&#8221;][et_pb_fullwidth_image src=&#8221;https:\/\/fasil.govmu.org\/fasil\/wp-content\/uploads\/Banner_About-01.png&#8221; title_text=&#8221;\u00c0 propos&#8221; _builder_version=&#8221;4.4.5&#8243; hover_enabled=&#8221;0&#8243; alt=&#8221;\u00c0 propos&#8221;][\/et_pb_fullwidth_image][\/et_pb_section][et_pb_section fb_built=&#8221;1&#8243; _builder_version=&#8221;4.4.4&#8243; custom_padding=&#8221;40px||40px||false|false&#8221; da_disable_devices=&#8221;off|off|off&#8221; da_is_popup=&#8221;off&#8221; da_exit_intent=&#8221;off&#8221; da_has_close=&#8221;on&#8221; da_alt_close=&#8221;off&#8221; da_dark_close=&#8221;off&#8221; da_not_modal=&#8221;on&#8221; da_is_singular=&#8221;off&#8221; da_with_loader=&#8221;off&#8221; da_has_shadow=&#8221;on&#8221;][et_pb_row _builder_version=&#8221;4.4.4&#8243; custom_margin=&#8221;||||false|false&#8221; custom_padding=&#8221;||0px||false|false&#8221;][et_pb_column type=&#8221;4_4&#8243; _builder_version=&#8221;4.4.4&#8243; custom_padding=&#8221;||||false|false&#8221;][et_pb_text _builder_version=&#8221;4.4.4&#8243; header_2_font=&#8221;Quicksand|600|||||||&#8221; header_2_text_align=&#8221;center&#8221; header_2_text_color=&#8221;#000000&#8243; header_2_font_size=&#8221;48px&#8221; header_2_line_height=&#8221;1.2em&#8221; header_2_font_size_tablet=&#8221;&#8221; header_2_font_size_phone=&#8221;30px&#8221; header_2_font_size_last_edited=&#8221;on|phone&#8221;] Notre but [\/et_pb_text][et_pb_text _builder_version=&#8221;4.4.4&#8243; text_font=&#8221;Quicksand||||||||&#8221; text_text_color=&#8221;#000000&#8243; [&hellip;]","og_url":"https:\/\/fasil.govmu.org\/fasil\/?page_id=20","og_site_name":"Fasil","article_modified_time":"2020-05-13T12:25:21+00:00","twitter_card":"summary_large_image","twitter_misc":{"Est. reading time":"5 minutes"},"schema":{"@context":"https:\/\/schema.org","@graph":[{"@type":"WebPage","@id":"https:\/\/fasil.govmu.org\/fasil\/?page_id=20","url":"https:\/\/fasil.govmu.org\/fasil\/?page_id=20","name":"About Fasil","isPartOf":{"@id":"https:\/\/fasil.govmu.org\/fasil\/#website"},"datePublished":"2020-04-18T06:15:53+00:00","dateModified":"2020-05-13T12:25:21+00:00","breadcrumb":{"@id":"https:\/\/fasil.govmu.org\/fasil\/?page_id=20#breadcrumb"},"inLanguage":"en-US","potentialAction":[{"@type":"ReadAction","target":["https:\/\/fasil.govmu.org\/fasil\/?page_id=20"]}]},{"@type":"BreadcrumbList","@id":"https:\/\/fasil.govmu.org\/fasil\/?page_id=20#breadcrumb","itemListElement":[{"@type":"ListItem","position":1,"name":"Home","item":"https:\/\/fasil.govmu.org\/fasil\/"},{"@type":"ListItem","position":2,"name":"About"}]},{"@type":"WebSite","@id":"https:\/\/fasil.govmu.org\/fasil\/#website","url":"https:\/\/fasil.govmu.org\/fasil\/","name":"Fasil","description":"Just another WordPress site","publisher":{"@id":"https:\/\/fasil.govmu.org\/fasil\/#organization"},"potentialAction":[{"@type":"SearchAction","target":{"@type":"EntryPoint","urlTemplate":"https:\/\/fasil.govmu.org\/fasil\/?s={search_term_string}"},"query-input":"required name=search_term_string"}],"inLanguage":"en-US"},{"@type":"Organization","@id":"https:\/\/fasil.govmu.org\/fasil\/#organization","name":"Fasil","url":"https:\/\/fasil.govmu.org\/fasil\/","logo":{"@type":"ImageObject","inLanguage":"en-US","@id":"https:\/\/fasil.govmu.org\/fasil\/#\/schema\/logo\/image\/","url":"https:\/\/ministry1.govmu.org\/fasil\/wp-content\/uploads\/fasil-logo.svg","contentUrl":"https:\/\/ministry1.govmu.org\/fasil\/wp-content\/uploads\/fasil-logo.svg","width":135,"height":72,"caption":"Fasil"},"image":{"@id":"https:\/\/fasil.govmu.org\/fasil\/#\/schema\/logo\/image\/"}}]}},"_links":{"self":[{"href":"https:\/\/fasil.govmu.org\/fasil\/index.php?rest_route=\/wp\/v2\/pages\/20"}],"collection":[{"href":"https:\/\/fasil.govmu.org\/fasil\/index.php?rest_route=\/wp\/v2\/pages"}],"about":[{"href":"https:\/\/fasil.govmu.org\/fasil\/index.php?rest_route=\/wp\/v2\/types\/page"}],"author":[{"embeddable":true,"href":"https:\/\/fasil.govmu.org\/fasil\/index.php?rest_route=\/wp\/v2\/users\/1"}],"replies":[{"embeddable":true,"href":"https:\/\/fasil.govmu.org\/fasil\/index.php?rest_route=%2Fwp%2Fv2%2Fcomments&post=20"}],"version-history":[{"count":18,"href":"https:\/\/fasil.govmu.org\/fasil\/index.php?rest_route=\/wp\/v2\/pages\/20\/revisions"}],"predecessor-version":[{"id":1114,"href":"https:\/\/fasil.govmu.org\/fasil\/index.php?rest_route=\/wp\/v2\/pages\/20\/revisions\/1114"}],"wp:attachment":[{"href":"https:\/\/fasil.govmu.org\/fasil\/index.php?rest_route=%2Fwp%2Fv2%2Fmedia&parent=20"}],"curies":[{"name":"wp","href":"https:\/\/api.w.org\/{rel}","templated":true}]}}